nder when u is divided by 27.
22
Let d(l) = -l**3 + l**2 - l + 7. Suppose 0 = 4*a + 16 + 4, 3*a = 5*j + 5*a. Calculate the remainder when d(0) is divided by j.
1
What is the remainder when 521 is divided by (0 - -46) + (-36 - -32)?
17
Let u(p) = -p**2 - 91*p + 1056. Calculate the remainder when 160 is divided by u(10).
22
Suppose -108*t + 369 = -171. What is the remainder when ((-27)/(-5) - 5)*(-240)/(-2) is divided by t?
3
Suppose -9*d - 385 = -3688. What is the remainder when 481 is divided by d?
114
Let w(c) = 2*c**3 - 19*c**2 - 6*c + 29. Let p be 3/((186/217)/((-20)/(-7))). Calculate the remainder when w(p) is divided by 18.
15
Let c = 2800 + -2780. What is the remainder when 1018 is divided by c?
18
Suppose -6*r - 34 = 38. Let j be 4030/60 + 2/r. Let i = j + -38. What is the remainder when i is divided by 10?
9
Let s(m) = m**3 - 49*m**2 + 591*m - 22. Calculate the remainder when 409 is divided by s(28).
37
Suppose 4*o + 5*b = 125, 3*o + 5*b - 2*b = 96. Calculate the remainder when o is divided by (((-231)/(-18))/(3073/878))/(1/3*1).
2
Let p(v) = 2*v**3 + v**2 - 30*v + 9. Let i be (-40)/24*-3 + -1. Calculate the remainder when 62 is divided by p(i).
29
Let w = -2555 + 2772. What is the remainder when w is divided by 15?
7
Let i(p) = -35*p - 799. Let z be -2*(1 + 105/(-6)). Let k = z + -4. Calculate the remainder when i(-26) is divided by k.
24
Let d(l) = -78*l**2. Let u be d(1). Let o = -17 - u. Suppose -4*b + 18 + 7 = -39. Calculate the remainder when o is divided by b.
13
Let x(g) = -54*g - 18. Let c be x(-2). Suppose 235 = 13*a - c. Calculate the remainder when 122 is divided by a.
22
Let z = -48 - -59. Suppose -z*f + 15 = -6*f. Suppose 5*p = -n + 26 + 42, p = -f*n + 22. Calculate the remainder when 58 is divided by p.
6
Calculate the remainder when 1050 is divided by 4 - 3 - (-28 - (-1 + 4))*1.
26
Let p(i) = 3*i**2 - 21*i - 176. Calculate the remainder when p(16) is divided by 158.
98
Let z = 3949 - 3317. What is the remainder when z is divided by 29?
23
Let o(p) = 12*p**2 - 20*p + 326. Calculate the remainder when o(9) is divided by 70.
68
Suppose -3*r + 2*p + 9171 = 0, -2*p - 12224 = 760*r - 764*r. What is the remainder when r is divided by 12?
5
Let o be ((-3)/6 - -1)*(525 + 1). Let b = -253 + o. What is the remainder when 79 is divided by b?
9
Let l(g) = -25*g - 1276. What is the remainder when l(-69) is divided by 297?
152
Suppose 21*k - 25*k + 940 = 4*x, -x + 223 = 4*k. What is the remainder when x is divided by 10?
9
Let r(y) = y**3 - 9*y**2 + 11*y - 22. Let q be r(9). Suppose 197*f = 204*f - q. What is the remainder when f is divided by 5 - (-1*2)/(-2)?
3
Let y(g) = g**3 - 13*g**2 + 196*g - 3151. What is the remainder when y(15) is divided by 47?
4
Let z be 2*(-2*1)/((-4)/26). Suppose -z*n - 116 = -30*n. Suppose 9 - n = -4*h. Calculate the remainder when h is divided by 2.
1
Calculate the remainder when 91 is divided by (-2 - -16)/((-5)/75*-5).
7
Let o be (144/(-15))/(-4)*(-35)/(-7). Let y(u) = -2*u + 6. Let d be y(o). What is the remainder when 125 is divided by 3/27 + (-376)/d?
20
Let t(s) = 6*s - 39. Let r be t(7). What is the remainder when 88 is divided by (0 + 0 - -3) + 4 + r?
8
Suppose 5*c - 4*c + 6 = 0. Let w(j) = j**2 - 1. Let i(z) = z**3 + 2*z**2 - z - 7. Let q(r) = -i(r) - 4*w(r). Calculate the remainder when 21 is divided by q(c).
1
Suppose 9500 = 38*x - 3192. What is the remainder when x is divided by 62?
24
Let r = -117 + 71. Let s = r + -14. Calculate the remainder when (-2 - (2 + s)) + 2 is divided by 15.
13
Let j = -985 + 996. What is the remainder when 2596/j*(5 + -4) is divided by 49?
40
What is the remainder when 15941 is divided by ((-581)/166)/(7/(-238))?
114
Calculate the remainder when 4/6 + (-138920)/(-276) is divided by 117.
36
Calculate the remainder when 984 is divided by (-3 - -6)/(-7 + 4/(1216/2140)).
72
Suppose 8*b = 17 + 7. Suppose o + 0*x = 3*x, 0 = -4*o - b*x + 15. Suppose -o*u + 48 + 30 = 0. Calculate the remainder when u is divided by 15.
11
Let k(v) = -v**3 - 60*v**2 + 123*v + 140. What is the remainder when 1210 is divided by k(-62)?
200
Suppose 13*p = 1006 + 879. Let l be 2*-10*(-30)/4. Let j = -101 + l. What is the remainder when p is divided by j?
47
Let a(y) = -18*y - 950. Suppose 0 = 4*c - 3*j - 48, -20 = -4*c - 0*c - 4*j. Suppose -4*w = c - 173. Calculate the remainder when w is divided by a(-54).
19
Let a(z) = -25*z + 1. Let c be a(1). Let w = c + 79. Let h = -1032 + 1047. Calculate the remainder when w is divided by h.
10
Let z = 1327 - 1320. Let p(o) = 9*o + 3. Let s be p(-7). Let m = 85 + s. Calculate the remainder when m is divided by z.
4
Let q(y) = 3*y**3 - 3*y**2 - y + 3. Calculate the remainder when q(4) is divided by 22.
11
Suppose 5*z = 19 + 6. Suppose -z*j - 70 = -5*u, -5*u + 4*j - 9*j + 20 = 0. Suppose -u*v = -120 - 213. Calculate the remainder when v is divided by 14.
9
Let x be (-23 - -26)*4/(2/2). Let j(s) = 12*s - 36 - 7*s - x*s. What is the remainder when 9 is divided by j(-6)?
3
Let c(t) = -t**3 + 17*t**2 + 175*t - 120. What is the remainder when 907 is divided by c(24)?
43
Suppose 2*r + 3 = z + 10, 0 = 2*z - 6. Suppose 63 + 127 = r*s. Calculate the remainder when s is divided by 10.
8
Let q = 302 + -271. Let f = 125 + -118. What is the remainder when q is divided by f?
3
Suppose -88*m + 26 = -k - 83*m, 2*m = 4*k - 4. Suppose -3 = -5*o + 2. What is the remainder when o + (-20)/(-3 - -1) is divided by k?
3
Suppose 0 = 3*y + 5*g - 2241, -4*g - 2241 = 5*y - 8*y. Let k = y + -683. What is the remainder when k is divided by 6?
4
Suppose -g - 2*r + 22 = 3*g, -4*g = 3*r - 25. Suppose -2*j = -j, 0 = -2*m - 3*j + 10. Suppose -m*p + 18 = -3*p. Calculate the remainder when p is divided by g.
1
Suppose 6 = 2*m, 5*f = f - 5*m + 127. Suppose -25*n - 87 = -f*n. Suppose 2 = p - n. Calculate the remainder when 89 is divided by p.
27
Let s(c) = c**2 - 20*c + 6. Let u be s(20). Let q be 1/3*-36*(-4)/u. Suppose q*j - 3*j = 140. Calculate the remainder when j is divided by 17.
11
Suppose 4*b + 3*p + 2982 = 0, -p + 5*p + 3728 = -5*b. Let r = -710 - b. Let u(z) = z**2 + 7*z + 9. What is the remainder when r is divided by u(-7)?
7
Let b = 51 - 47. Suppose -6*k - b*k + 230 = 0. Calculate the remainder when 60 is divided by k.
14
Let l(r) = -2*r - 1. Let x = -18 + 20. Calculate the remainder when l(-6) is divided by x.
1
Let r = 209 - 206. What is the remainder when 209 is divided by r/21 - ((-3904)/28)/4?
34
Let g(s) = -30*s + 10. Let b(v) = 31*v - 10. Let n(i) = -5*b(i) - 4*g(i). Let h be n(2). What is the remainder when ((-2)/(-10) + 42/h)*-84 is divided by 12?
6
Suppose 2*l - 3014 = -3*d, 0 = -2*l - 2*d + 1194 + 1818. Calculate the remainder when l is divided by 169.
152
Suppose -30*u + f = -28*u - 89, -5*u = 4*f - 190. Calculate the remainder when (-167)/(2*(-2)/4) is divided by u.
41
Let d(u) be the third derivative of 25*u**4/24 + 23*u**3/3 - 89*u**2 - 2*u. What is the remainder when d(6) is divided by 64?
4
Let f(l) = -l**3 - 18*l**2 - 6*l - 24. What is the remainder when f(-19) is divided by 71?
25
Let y(a) = -a**3 + 9*a**2 - 7*a - 12. Let i(b) = b**3 + 3*b**2 - 7*b - 6. Let z be i(-4). What is the remainder when y(z) is divided by 28?
26
Let h = -192 + 520. Calculate the remainder when 662 is divided by h.
6
Suppose 2*k = 2*o - 14, -2*k - 3*o = -0*o + 29. Calculate the remainder when (71/1)/(k - -11) is divided by ((-1130)/(-6))/5 - (-2)/(-3).
34
Suppose -73 + 196 - 46 = 11*q. What is the remainder when 129 is divided by q?
3
Let d(x) = 9*x - 26. Let r(c) = 13*c - 39. Let w(t) = 8*d(t) - 5*r(t). Calculate the remainder when 49 is divided by w(4).
4
Let g(v) = 5*v - 6. Let p be g(2). Suppose 1 = -p*q + 1. Suppose -3*a + 203 + 61 = q. What is the remainder when a is divided by 18?
16
Let i = 233 + -274. Let j = i - -259. Calculate the remainder when j is divided by 74.
70
Let x(f) = -f**2 - 55*f - 270. Let r = 19 - 13. Let d(j) = j**3 - 6*j**2 + 4*j - 9. Calculate the remainder when x(-6) is divided by d(r).
9
Let y be 124/(-155)*(2 + (-9)/2). Suppose y*f + 2*g + 0*g - 462 = 0, -3*f = -4*g - 707. Calculate the remainder when f is divided by 39.
38
Let p(c) = 136*c + 371. Calculate the remainder when p(0) is divided by 25.
21
Let g(f) = -f**2 + 95. Suppose 5*z = -a + 332, a + 2*z